{"id":675,"date":"2018-02-22T08:20:21","date_gmt":"2018-02-22T08:20:21","guid":{"rendered":"http:\/\/prowess.select-themes.com\/?page_id=675"},"modified":"2025-11-03T17:47:43","modified_gmt":"2025-11-03T16:47:43","slug":"elements","status":"publish","type":"page","link":"https:\/\/crossfit-sleddogs.de\/?page_id=675","title":{"rendered":"Start Now"},"content":{"rendered":"<p>[vc_row enable_grid_lines=&#8220;&#8220;][vc_column][\/vc_column][\/vc_row][vc_row row_content_width=&#8220;grid&#8220; enable_grid_lines=&#8220;&#8220; disable_background_image=&#8220;&#8220; simple_background_image=&#8220;706&#8243; css=&#8220;.vc_custom_1563969087120{padding-top: 50px !important;padding-bottom: 30px !important;}&#8220;][vc_column]<div class=\"qodef-section-title-holder  qodef-tn-position-center \" style=\"text-align: center\">\n\t<div class=\"qodef-st-inner\">\n\t\t\t\t\t<h2 class=\"qodef-st-title\" >\n\t\t\t\tHerzlich Willkommen bei CrossFit SledDogs Koblenz\t\t\t<\/h2>\n\t\t        \t\t\t\t\t<h5 class=\"qodef-st-text\" >\n\t\t\t\tSieh Dir jetzt das Video an!\t\t\t<\/h5>\n\t\t\t<\/div>\n<\/div>[\/vc_column][\/vc_row][vc_row enable_grid_lines=&#8220;&#8220;][vc_column width=&#8220;5\/12&#8243; css=&#8220;.vc_custom_1762188451325{border-right-width: 50px !important;}&#8220;][\/vc_column][vc_column width=&#8220;5\/12&#8243;][vc_raw_html css=&#8220;.vc_custom_1761381643631{padding-left: 50px !important;}&#8220;]JTVCdmlkZW8lMjB3aWR0aCUzRCUyMjQwMCUyMiUyMGhlaWdodCUzRCUyMjIwMCUyMiUyMG1wNCUzRCUyMmh0dHBzJTNBJTJGJTJGY3Jvc3NmaXQtc2xlZGRvZ3MuZGUlMkZ3cC1jb250ZW50JTJGdXBsb2FkcyUyRm1lbWJlcmFyZWElMkZ2aWRlb3MlMkZXZWJzaXRlJTJGd2VsY29tZTIubXA0JTIyJTVEJTVCJTJGdmlkZW8lNUQ=[\/vc_raw_html][\/vc_column][vc_column width=&#8220;1\/12&#8243;][\/vc_column][\/vc_row][vc_row row_content_width=&#8220;grid&#8220; enable_grid_lines=&#8220;&#8220; disable_background_image=&#8220;&#8220; simple_background_image=&#8220;706&#8243; css=&#8220;.vc_custom_1563969087120{padding-top: 50px !important;padding-bottom: 30px !important;}&#8220;][vc_column]<div class=\"qodef-section-title-holder  qodef-tn-position-center \" style=\"text-align: center\">\n\t<div class=\"qodef-st-inner\">\n\t\t\t\t\t<h2 class=\"qodef-st-title\" >\n\t\t\t\tBuche hier Dein kostenloses Probetraining!\t\t\t<\/h2>\n\t\t        \t\t\t\t\t<h5 class=\"qodef-st-text\" >\n\t\t\t\tSo funktioniert\u00b4s: 1. w\u00e4hle einen Termin. 2.gib Deine Kontaktdaten ein. 3. Fertig! Dein Termin ist reserviert und Du erh\u00e4lst von uns eine Best\u00e4tigung per E-Mail.\t\t\t<\/h5>\n\t\t\t<\/div>\n<\/div>[\/vc_column][\/vc_row][vc_row enable_grid_lines=&#8220;&#8220; css=&#8220;.vc_custom_1601135881316{padding-bottom: 0px !important;}&#8220;][vc_column][vc_raw_html]JTNDY2VudGVyJTNFJTNDYSUyMGhyZWYlM0QlMjJodHRwcyUzQSUyRiUyRmFwcC5hY3VpdHlzY2hlZHVsaW5nLmNvbSUyRnNjaGVkdWxlLnBocCUzRm93bmVyJTNEMTg5Nzk3MzclMjIlMjB0YXJnZXQlM0QlMjJfYmxhbmslMjIlMjBjbGFzcyUzRCUyMmFjdWl0eS1lbWJlZC1idXR0b24lMjIlMjBzdHlsZSUzRCUyMmJhY2tncm91bmQlM0ElMjAlMjMwMDAwMDAlM0IlMjBjb2xvciUzQSUyMCUyM2ZmZiUzQiUyMHBhZGRpbmclM0ElMjA4cHglMjAxMnB4JTNCJTIwYm9yZGVyJTNBJTIwMHB4JTNCJTIwLXdlYmtpdC1ib3gtc2hhZG93JTNBJTIwMCUyMC0ycHglMjAwJTIwcmdiYSUyODAlMkMwJTJDMCUyQzAuMTUlMjklMjBpbnNldCUzQi1tb3otYm94LXNoYWRvdyUzQSUyMDAlMjAtMnB4JTIwMCUyMHJnYmElMjgwJTJDMCUyQzAlMkMwLjE1JTI5JTIwaW5zZXQlM0Jib3gtc2hhZG93JTNBJTIwMCUyMC0ycHglMjAwJTIwcmdiYSUyODAlMkMwJTJDMCUyQzAuMTUlMjklMjBpbnNldCUzQmJvcmRlci1yYWRpdXMlM0ElMjA0cHglM0IlMjB0ZXh0LWRlY29yYXRpb24lM0ElMjBub25lJTNCJTIwZGlzcGxheSUzQSUyMGlubGluZS1ibG9jayUzQiUyMiUzRVRlcm1pbiUyMHZlcmVpbmJhcmVuJTNDJTJGYSUzRSUzQ2xpbmslMjByZWwlM0QlMjJzdHlsZXNoZWV0JTIyJTIwaHJlZiUzRCUyMmh0dHBzJTNBJTJGJTJGZW1iZWQuYWN1aXR5c2NoZWR1bGluZy5jb20lMkZlbWJlZCUyRmJ1dHRvbiUyRjE4OTc5NzM3LmNzcyUyMiUyMGlkJTNEJTIyYWN1aXR5LWJ1dHRvbi1zdHlsZXMlMjIlMjAlMkYlM0UlM0NzY3JpcHQlMjBzcmMlM0QlMjJodHRwcyUzQSUyRiUyRmVtYmVkLmFjdWl0eXNjaGVkdWxpbmcuY29tJTJGZW1iZWQlMkZidXR0b24lMkYxODk3OTczNy5qcyUyMiUyMGFzeW5jJTNFJTNDJTJGc2NyaXB0JTNFJTNDJTJGY2VudGVyJTNF[\/vc_raw_html][\/vc_column][\/vc_row][vc_row enable_grid_lines=&#8220;&#8220; css=&#8220;.vc_custom_1667214900512{padding-bottom: 30px !important;}&#8220;][vc_column][\/vc_column][\/vc_row][vc_row enable_grid_lines=&#8220;&#8220; css=&#8220;.vc_custom_1563972994709{padding-bottom: 150px !important;}&#8220;][vc_column]<div class=\"qodef-elements-holder   qodef-two-columns  qodef-responsive-mode-768 \" ><div class=\"qodef-eh-item     \" style=\"background-color: #29282d\" data-item-class=\"qodef-eh-custom-5655\" data-1280-1600=\"198px 113px 150px\" data-1024-1280=\"198px 84px 150px 100px\" data-768-1024=\"198px 75px 150px\" data-680-768=\"198px 80px 150px\" data-680=\"163px 30px 115px\">\n\t<div class=\"qodef-eh-item-inner\">\n\t\t<div class=\"qodef-eh-item-content qodef-eh-custom-5655\" style=\"padding: 198px 215px 150px\">\n\t\t\t<div class=\"qodef-section-title-holder   \" >\n\t<div class=\"qodef-st-inner\">\n\t\t\t\t\t<h2 class=\"qodef-st-title\" style=\"color: #ffffff\">\n\t\t\t\tWHAT WE HAVE<br \/> TO OFFER\t\t\t<\/h2>\n\t\t                    <h4 class=\"qodef-st-title-number\" style=\"color: #3f3e42;font-size: 150px\">\n            02            <\/h4>\n        \t\t\t<\/div>\n<\/div>[vc_empty_space height=&#8220;22px&#8220;]<a itemprop=\"url\" href=\"https:\/\/crossfit-sleddogs.de\/?page_id=675\" target=\"_self\"  class=\"qodef-btn qodef-btn-small qodef-btn-solid qodef-btn-icon\"  >\n    <span class=\"qodef-btn-text\"><span class=\"qodef-btn-text-inner\">Los geht`s<\/span><\/span>\n    <span class=\"qodef-btn-text-inner qodef-btn-text-inner-icon\">\n    \t<i class=\"qodef-icon-ion-icon ion-arrow-right-c \" ><\/i>    \t<i class=\"qodef-icon-ion-icon ion-arrow-right-c \" ><\/i>\t\n    <\/span>\n<\/a>\t\t<\/div>\n\t<\/div>\n<\/div><div class=\"qodef-eh-item     \" style=\"background-image: url(https:\/\/crossfit-sleddogs.de\/wp-content\/uploads\/2018\/02\/h2-background-img-1-1.jpg)\" data-item-class=\"qodef-eh-custom-9374\" data-1280-1600=\"0px 110px 15px\" data-1024-1280=\"0px 80px 15px\" data-768-1024=\"183px 75px 198px\" data-680-768=\"173px 80px 188px\" data-680=\"185px 30px 200px\">\n\t<div class=\"qodef-eh-item-inner\">\n\t\t<div class=\"qodef-eh-item-content qodef-eh-custom-9374\" style=\"padding: 0px 160px 15px\">\n\t\t\t<div class=\"qodef-progress-bar \">\n\t<h6 class=\"qodef-pb-title-holder\" style=\"color: #ffffff\">\n\t\t<span class=\"qodef-pb-title\">Spa\u00df<\/span>\n        <span class=\"qodef-pb-percent-holder\">\n\t\t\t<span class=\"qodef-pb-percent\">00<\/span><span>%<\/span>\n\t\t<\/span>\n\t<\/h6>\n\t<div class=\"qodef-pb-content-holder\" >\n\t\t<div data-percentage=100 class=\"qodef-pb-content\" ><\/div>\n\t<\/div>\n<\/div>[vc_empty_space height=&#8220;17px&#8220;]<div class=\"qodef-progress-bar \">\n\t<h6 class=\"qodef-pb-title-holder\" style=\"color: #ffffff\">\n\t\t<span class=\"qodef-pb-title\">Motivation<\/span>\n        <span class=\"qodef-pb-percent-holder\">\n\t\t\t<span class=\"qodef-pb-percent\">00<\/span><span>%<\/span>\n\t\t<\/span>\n\t<\/h6>\n\t<div class=\"qodef-pb-content-holder\" >\n\t\t<div data-percentage=100 class=\"qodef-pb-content\" ><\/div>\n\t<\/div>\n<\/div>[vc_empty_space height=&#8220;17px&#8220;]<div class=\"qodef-progress-bar \">\n\t<h6 class=\"qodef-pb-title-holder\" style=\"color: #ffffff\">\n\t\t<span class=\"qodef-pb-title\">Individuelle Betreuung<\/span>\n        <span class=\"qodef-pb-percent-holder\">\n\t\t\t<span class=\"qodef-pb-percent\">00<\/span><span>%<\/span>\n\t\t<\/span>\n\t<\/h6>\n\t<div class=\"qodef-pb-content-holder\" >\n\t\t<div data-percentage=100 class=\"qodef-pb-content\" ><\/div>\n\t<\/div>\n<\/div>[vc_empty_space height=&#8220;17px&#8220;]<div class=\"qodef-progress-bar \">\n\t<h6 class=\"qodef-pb-title-holder\" style=\"color: #ffffff\">\n\t\t<span class=\"qodef-pb-title\">Community<\/span>\n        <span class=\"qodef-pb-percent-holder\">\n\t\t\t<span class=\"qodef-pb-percent\">00<\/span><span>%<\/span>\n\t\t<\/span>\n\t<\/h6>\n\t<div class=\"qodef-pb-content-holder\" >\n\t\t<div data-percentage=100 class=\"qodef-pb-content\" ><\/div>\n\t<\/div>\n<\/div>\t\t<\/div>\n\t<\/div>\n<\/div><\/div>[\/vc_column][\/vc_row]<\/p>\n","protected":false},"excerpt":{"rendered":"<p>[vc_row enable_grid_lines=&#8220;&#8220;][vc_column][\/vc_column][\/vc_row][vc_row row_content_width=&#8220;grid&#8220; enable_grid_lines=&#8220;&#8220; disable_background_image=&#8220;&#8220; simple_background_image=&#8220;706&#8243; css=&#8220;.vc_custom_1563969087120{padding-top: 50px !important;padding-bottom: 30px !important;}&#8220;][vc_column][\/vc_column][\/vc_row][vc_row enable_grid_lines=&#8220;&#8220;][vc_column width=&#8220;5\/12&#8243; css=&#8220;.vc_custom_1762188451325{border-right-width: 50px !important;}&#8220;][\/vc_column][vc_column width=&#8220;5\/12&#8243;][vc_raw_html css=&#8220;.vc_custom_1761381643631{padding-left: 50px !important;}&#8220;]JTVCdmlkZW8lMjB3aWR0aCUzRCUyMjQwMCUyMiUyMGhlaWdodCUzRCUyMjIwMCUyMiUyMG1wNCUzRCUyMmh0dHBzJTNBJTJGJTJGY3Jvc3NmaXQtc2xlZGRvZ3MuZGUlMkZ3cC1jb250ZW50JTJGdXBsb2FkcyUyRm1lbWJlcmFyZWElMkZ2aWRlb3MlMkZXZWJzaXRlJTJGd2VsY29tZTIubXA0JTIyJTVEJTVCJTJGdmlkZW8lNUQ=[\/vc_raw_html][\/vc_column][vc_column width=&#8220;1\/12&#8243;][\/vc_column][\/vc_row][vc_row row_content_width=&#8220;grid&#8220; enable_grid_lines=&#8220;&#8220; disable_background_image=&#8220;&#8220; simple_background_image=&#8220;706&#8243; css=&#8220;.vc_custom_1563969087120{padding-top: 50px !important;padding-bottom: 30px !important;}&#8220;][vc_column][\/vc_column][\/vc_row][vc_row enable_grid_lines=&#8220;&#8220; css=&#8220;.vc_custom_1601135881316{padding-bottom: 0px !important;}&#8220;][vc_column][vc_raw_html]JTNDY2VudGVyJTNFJTNDYSUyMGhyZWYlM0QlMjJodHRwcyUzQSUyRiUyRmFwcC5hY3VpdHlzY2hlZHVsaW5nLmNvbSUyRnNjaGVkdWxlLnBocCUzRm93bmVyJTNEMTg5Nzk3MzclMjIlMjB0YXJnZXQlM0QlMjJfYmxhbmslMjIlMjBjbGFzcyUzRCUyMmFjdWl0eS1lbWJlZC1idXR0b24lMjIlMjBzdHlsZSUzRCUyMmJhY2tncm91bmQlM0ElMjAlMjMwMDAwMDAlM0IlMjBjb2xvciUzQSUyMCUyM2ZmZiUzQiUyMHBhZGRpbmclM0ElMjA4cHglMjAxMnB4JTNCJTIwYm9yZGVyJTNBJTIwMHB4JTNCJTIwLXdlYmtpdC1ib3gtc2hhZG93JTNBJTIwMCUyMC0ycHglMjAwJTIwcmdiYSUyODAlMkMwJTJDMCUyQzAuMTUlMjklMjBpbnNldCUzQi1tb3otYm94LXNoYWRvdyUzQSUyMDAlMjAtMnB4JTIwMCUyMHJnYmElMjgwJTJDMCUyQzAlMkMwLjE1JTI5JTIwaW5zZXQlM0Jib3gtc2hhZG93JTNBJTIwMCUyMC0ycHglMjAwJTIwcmdiYSUyODAlMkMwJTJDMCUyQzAuMTUlMjklMjBpbnNldCUzQmJvcmRlci1yYWRpdXMlM0ElMjA0cHglM0IlMjB0ZXh0LWRlY29yYXRpb24lM0ElMjBub25lJTNCJTIwZGlzcGxheSUzQSUyMGlubGluZS1ibG9jayUzQiUyMiUzRVRlcm1pbiUyMHZlcmVpbmJhcmVuJTNDJTJGYSUzRSUzQ2xpbmslMjByZWwlM0QlMjJzdHlsZXNoZWV0JTIyJTIwaHJlZiUzRCUyMmh0dHBzJTNBJTJGJTJGZW1iZWQuYWN1aXR5c2NoZWR1bGluZy5jb20lMkZlbWJlZCUyRmJ1dHRvbiUyRjE4OTc5NzM3LmNzcyUyMiUyMGlkJTNEJTIyYWN1aXR5LWJ1dHRvbi1zdHlsZXMlMjIlMjAlMkYlM0UlM0NzY3JpcHQlMjBzcmMlM0QlMjJodHRwcyUzQSUyRiUyRmVtYmVkLmFjdWl0eXNjaGVkdWxpbmcuY29tJTJGZW1iZWQlMkZidXR0b24lMkYxODk3OTczNy5qcyUyMiUyMGFzeW5jJTNFJTNDJTJGc2NyaXB0JTNFJTNDJTJGY2VudGVyJTNF[\/vc_raw_html][\/vc_column][\/vc_row][vc_row enable_grid_lines=&#8220;&#8220; css=&#8220;.vc_custom_1667214900512{padding-bottom: 30px !important;}&#8220;][vc_column][\/vc_column][\/vc_row][vc_row enable_grid_lines=&#8220;&#8220; css=&#8220;.vc_custom_1563972994709{padding-bottom: 150px !important;}&#8220;][vc_column][\/vc_column][\/vc_row]<\/p>\n","protected":false},"author":1,"featured_media":0,"parent":0,"menu_order":0,"comment_status":"closed","ping_status":"closed","template":"full-width.php","meta":{"footnotes":""},"class_list":["post-675","page","type-page","status-publish","hentry"],"_links":{"self":[{"href":"https:\/\/crossfit-sleddogs.de\/index.php?rest_route=\/wp\/v2\/pages\/675","targetHints":{"allow":["GET"]}}],"collection":[{"href":"https:\/\/crossfit-sleddogs.de\/index.php?rest_route=\/wp\/v2\/pages"}],"about":[{"href":"https:\/\/crossfit-sleddogs.de\/index.php?rest_route=\/wp\/v2\/types\/page"}],"author":[{"embeddable":true,"href":"https:\/\/crossfit-sleddogs.de\/index.php?rest_route=\/wp\/v2\/users\/1"}],"replies":[{"embeddable":true,"href":"https:\/\/crossfit-sleddogs.de\/index.php?rest_route=%2Fwp%2Fv2%2Fcomments&post=675"}],"version-history":[{"count":57,"href":"https:\/\/crossfit-sleddogs.de\/index.php?rest_route=\/wp\/v2\/pages\/675\/revisions"}],"predecessor-version":[{"id":4817,"href":"https:\/\/crossfit-sleddogs.de\/index.php?rest_route=\/wp\/v2\/pages\/675\/revisions\/4817"}],"wp:attachment":[{"href":"https:\/\/crossfit-sleddogs.de\/index.php?rest_route=%2Fwp%2Fv2%2Fmedia&parent=675"}],"curies":[{"name":"wp","href":"https:\/\/api.w.org\/{rel}","templated":true}]}}